+ 9 = 0. Calculate the remainder when 28 is divided by s.
13
Suppose -4*t - 2*z = -28, -3*t - 4*z = t - 32. Calculate the remainder when 10 is divided by t.
4
Suppose -10 = -0*h - 2*h. Calculate the remainder when 14 is divided by h.
4
Suppose -3*x = -2*x - 14. Calculate the remainder when 55 is divided by x.
13
Suppose -13 = 2*w - q + 4*q, -5*q = 25. Suppose -3*r + w = 4, 3*r - 12 = -3*y. Calculate the remainder when y is divided by 2.
1
Suppose -22 = -f - f. Let q(w) = -w**3 - 10*w**2 + 12*w + 7. Let b be q(-11). What is the remainder when 1/b - (-243)/12 is divided by f?
9
Let x(s) = s**2 - 9*s - 29. Calculate the remainder when x(17) is divided by 27.
26
Let n = 5 - 10. Let s(b) = -b. Let o = -7 - -16. Calculate the remainder when o is divided by s(n).
4
Suppose 2*c - 6*c = 2*r, 0 = 4*r - 5*c. Suppose -3*q + 2*q = r. Suppose q = -o + 18 - 4. Calculate the remainder when o is divided by 8.
6
Calculate the remainder when 27 is divided by 1*(7 + 3/1).
7
What is the remainder when (-595)/(-6) - (-1)/(-6) is divided by 17?
14
What is the remainder when (-4)/(-14) + 876/21 is divided by 23?
19
Let o(j) = 2*j**2 - 12*j + 1. Calculate the remainder when o(8) is divided by 5.
3
Let p = -6 - -3. Let n be (1 + p)*(4 + 0). Let f = -3 - n. What is the remainder when 8 is divided by f?
3
Suppose -t + 22 = -65. What is the remainder when t is divided by 18?
15
Let k = 27 + -15. Suppose 5*a = -4*t + 127, -3*a = -5*t + 2*t - 60. Calculate the remainder when a is divided by k.
11
Suppose 7*i - 5 = 2*i. Calculate the remainder when 66 is divided by i/(-3*3/(-207)).
20
Suppose -2*a = 2*r - 4, 5*r + 2*a + a - 14 = 0. Suppose 60 = j + r*j. What is the remainder when j is divided by 2?
0
Suppose -196 = -z + 3*y, 3*y - 4 = y. Calculate the remainder when z is divided by 41.
38
Suppose -114 = -62*a + 60*a. What is the remainder when a is divided by 10?
7
Suppose 0 = -v + 22 + 20. Let p be 0 + -3 - 24/(-8). Suppose w - 4*w + 33 = p. What is the remainder when v is divided by w?
9
Let t = 8 + -1. Calculate the remainder when 32 is divided by t.
4
Suppose -2*m + 12 = 4*g, 2*m - 3*m - 2 = 0. Let x(q) = -13*q + 1. Calculate the remainder when x(-1) is divided by g.
2
Suppose -3*k + 30 = -k. What is the remainder when (2 - -27 - 1) + 1 is divided by k?
14
Let g(d) = d**2 + d. Let x be g(4). Suppose x = -b + 5*b. Suppose b*l - 22 - 28 = 0. Calculate the remainder when 18 is divided by l.
8
Suppose 35*v = 31*v + 44. What is the remainder when 41 is divided by v?
8
Suppose -4*r - 20 - 4 = 0. Let z be 39/(-26)*(-52)/3. What is the remainder when 3*r/9 + z is divided by 13?
11
Let d be -1*166 + (-2 - -2). Let b be (-2)/5 - d/(-10). Let s = b - -28. What is the remainder when s is divided by 4?
3
Suppose -5*w + 30 = -2*w. What is the remainder when 17 is divided by w?
7
Let o(a) = -2*a**2 - 3*a**3 + 4*a**3 + 3*a - 2*a + 1. What is the remainder when 3 is divided by o(2)?
0
Suppose -2*v + v = -70. Let y be (-1)/(-2) - (-1 - 9/6). Suppose -y*l + 2*j - 62 = -163, 0 = -2*l + 2*j + v. Calculate the remainder when l is divided by 11.
9
Calculate the remainder when 62 is divided by (-90)/(-30)*1*7.
20
Let k = -7 - -2. Let a be k*((-2)/(-5) - 0). Calculate the remainder when 41 is divided by (1 - 12)*(1 + a).
8
Let s(j) = -43*j + 26. Calculate the remainder when s(-3) is divided by 52.
51
Let m(l) = -l**3 + 7*l**2 + 3*l - 9. Calculate the remainder when 137/4 - 5/20 is divided by m(7).
10
Let t = -1 - -4. Suppose j - 17 = -j - t*o, -10 = -2*o. Suppose s - 1 + 0 = 0. Calculate the remainder when s is divided by j.
0
Calculate the remainder when 396/(-27)*(0 + -6) is divided by 15.
13
Let b(i) = i**3 - 3*i**2 - 3*i - 2. Let r be b(4). Suppose r = 2*u - 2. Suppose a + 4*a = -5*s + 10, -3*a = 0. Calculate the remainder when u is divided by s.
0
Let b(d) = 2*d**2 + 5*d - 1. Let q(w) = w**2 - 9*w + 3. Let v be q(8). Calculate the remainder when b(v) is divided by 13.
11
Let k(l) = -5 + 1 - 4*l + 0. Suppose 3*u = u + 28. Calculate the remainder when u is divided by k(-3).
6
Suppose -k = r - 3, 5*r + 0*k - 15 = 2*k. Calculate the remainder when r is divided by 1.
0
Suppose 0 = 5*y - 3 - 7. Suppose 4*m + z - 16 = 5*z, -m - 4*z = -9. What is the remainder when m is divided by y?
1
Let a be (3 - 2)*1 + 7. Suppose -n = -6*n - 4*r + 16, -4*n - 2*r + a = 0. Let h(i) = -i**3 + i**2 + 1. Calculate the remainder when 1 is divided by h(n).
0
Let o be (3/4)/(1/4). Suppose 0 = o*s - 4 - 2. Let z(t) = -t**2 - 11*t - 8. What is the remainder when z(-10) is divided by s?
0
Suppose -5*y - 4*l = -2*l - 20, 2*y = -2*l + 8. Calculate the remainder when y is divided by 4.
0
Suppose 0 = 5*s - 3 - 12. Suppose p + 58 = 3*b + 2*b, 0 = -b + s*p + 20. Let m = 11 - 5. What is the remainder when b is divided by m?
5
Suppose -3*x + 8 + 15 = -5*m, 4*m = -3*x + 14. Let o = 80 + -70. What is the remainder when o is divided by x?
4
Let c = -12 + 27. Calculate the remainder when 56 is divided by c.
11
Let y = -7 - -3. Suppose 0 = 3*f - f - 30. What is the remainder when (-664)/(-16) - 6/y is divided by f?
13
Let b(g) = -g**2 + 6*g - 2. Let x be b(6). Let p be (x/4)/((-5)/200). Let o = -6 + p. What is the remainder when o is divided by 5?
4
Let h(b) = b**2 - 2*b + 5. Let r be h(5). Suppose 5*g - r = 60. Calculate the remainder when 46 is divided by g.
14
Suppose 2*f = 121 - 1. Calculate the remainder when f is divided by 13.
8
Suppose 3*u = u + 14. Calculate the remainder when u is divided by 2.
1
Calculate the remainder when 3*(-1 - (-20)/2) is divided by 4.
3
Let a be (-104)/(-28)*(-7)/(-1). Suppose 19 = 5*z - a. What is the remainder when 24 is divided by z?
6
Let c(z) = 2*z**2 + z - 1. Let w be -1 + 2 + (4 - 3). Let j = 38 + -22. What is the remainder when j is divided by c(w)?
7
Let t = -10 - -27. Suppose -37 = -n - 4. Calculate the remainder when n is divided by t.
16
Suppose -5*z + 96 = v + v, -5*z = -3*v - 106. Let y(u) = u**3 + 12*u**2 - 2*u + 15. Suppose 56 = -3*x + 20. Calculate the remainder when y(x) is divided by z.
19
Let j = 109 - 50. Suppose -4*a + 142 = -5*l + 17, 0 = -2*a - l + j. Suppose 2*p - a = -p. What is the remainder when 18 is divided by p?
8
Let s be (-2 - -2) + -2 - -6. Suppose -5*m + 51 = -4*m. Calculate the remainder when m is divided by (39/(-12))/((-1)/s).
12
Calculate the remainder when 4*((-41)/(-4) - 0) is divided by -3*3/((-45)/55).
8
Let l(s) = -s**3 + 4*s**2 - 3*s + 7. What is the remainder when 83 is divided by l(3)?
6
Let z(j) = j**2 - 7*j + 8. Let s be z(6). Let d(a) = -a + 1. Let k be d(-4). Suppose s*w = k - 3. What is the remainder when w is divided by 1?
0
Suppose -129 + 30 = -3*l. Suppose -55 - l = -4*b. What is the remainder when 64 is divided by b?
20
Let u(i) = 9*i**2 + 9*i**3 + 0*i - 8*i**3 + 7*i + 7. What is the remainder when u(-8) is divided by 6?
3
Suppose 0 = 2*s - 3*h - 63, s - 2*h - 14 = -4*h. What is the remainder when s is divided by 14?
10
Suppose 5*o + 63 = 4*t + 2*o, o = -5*t + 74. What is the remainder when 58 is divided by t?
13
What is the remainder when 0 + 31 - (13 + -16) - 0 is divided by 13?
8
Let u = -5 - -10. Suppose u*h = 468 - 118. What is the remainder when h is divided by 18?
16
Let u(g) = g + 14. Calculate the remainder when 20 is divided by u(-3).
9
Suppose -2*f - 37 = 2*i + 3*f, f = i + 1. Let o be (-2)/6 - 56/i. Let a = 6 + o. What is the remainder when a is divided by 8?
7
Suppose 423 = 2*g + 7*g. What is the remainder when g is divided by 12?
11
Let r = 105 + -91. Calculate the remainder when r is divided by 3.
2
Suppose 4*x + 32 = 4*s, 0 = 3*x - 3 + 9. Let c = 0 - -4. What is the remainder when s is divided by c?
2
Let s = 55 - 45. What is the remainder when 37 is divided by s?
7
Suppose 3*g - 37 = 4*a - 13, 4*g - 13 = -a. Suppose 2*k - 5*w - 38 = 0, -k - 43 = -4*k + g*w. What is the remainder when k is divided by 3?
0
What is the remainder when 4 + -4 - (-35 + (-2)/(-2)) is divided by 9?
7
What is the remainder when 48*((-44)/(-12) - 3) is divided by 13?
6
Suppose -10*q + 5*q - 150 = 0. Let n = q + 42. Calculate the remainder when 21 is divided by n.
9
Suppose -24*t = -28*t + 80. What is the remainder when 77 is divided by t?
17
Suppose 4 = -0*m + m - 2*d, -4*m - 4*d = -64. Calculate the remainder when 15 is divided by m.
3
Let f = -106 -